{"id":141,"date":"2020-05-02T14:51:36","date_gmt":"2020-05-02T14:51:36","guid":{"rendered":"http:\/\/rotes-kreuz-germersheim.de\/?page_id=141"},"modified":"2023-01-14T03:55:04","modified_gmt":"2023-01-14T01:55:04","slug":"blutspenden","status":"publish","type":"page","link":"https:\/\/rotes-kreuz-germersheim.de\/?page_id=141","title":{"rendered":"Blutspenden"},"content":{"rendered":"\n<p><strong>N\u00e4chster Termine: <\/strong><\/p>\n\n\n\n<p>[wpcdt-countdown id=&#8221;606&#8243;]<\/p>\n\n\n\n<div class=\"mec-wrap mec-skin-list-container  \" id=\"mec_skin_1077\">\r\n    \r\n    \r\n        <div class=\"mec-skin-list-events-container\" id=\"mec_skin_events_1077\">\r\n        Keine Veranstaltung gefunden!    <\/div>\r\n        \r\n        \r\n<\/div>\n\n\n\n<div class=\"wp-block-buttons is-layout-flex wp-block-buttons-is-layout-flex\">\n<div class=\"wp-block-button\"><a class=\"wp-block-button__link has-vivid-red-background-color has-background wp-element-button\" href=\"https:\/\/terminreservierung.blutspendedienst-west.de\/oeffentliche-spendeorte\/50133445\/termine?reservation_context=eyJkb25hdGlvbl90eXBlIjoiYmQiLCJkYXRlIjoiMjAyMi0wNS0wMyJ9\" target=\"_blank\" rel=\"noreferrer noopener\">Jetzt anmelden<\/a><\/div>\n<\/div>\n\n\n\n<h2 class=\"wp-block-heading\" id=\"helfen-sie-uns-leben-zu-retten\">Helfen Sie uns, Leben zu retten!<\/h2>\n\n\n\n<p>Blut geh\u00f6rt zu den wertvollsten Dingen, die ein Mensch geben kann. Bis heute ist es nicht gelungen, k\u00fcnstliches Blut herzustellen, um Leben zu retten. Sobald Menschen durch einen Unfall oder einen operativen Eingriff Blut verlieren, sind sie&nbsp;auf das Blut von Spendern angewiesen.<\/p>\n\n\n\n<p>Sieben regional t\u00e4tige Blutspendedienste des Deutschen Roten Kreuzes sind verantwortlich f\u00fcr die fl\u00e4chendeckende, umfassende Versorgung der Patienten in der Bundesrepublik Deutschland mit Blutpr\u00e4paraten &#8211;&nbsp;<strong>rund um die Uhr, an 365 Tagen im Jahr.<\/strong><\/p>\n\n\n\n<p>Mit Ihrer Blutspende helfen Sie Verletzten nach gro\u00dfen Blutverlusten. Vorwiegend aber kommen Ihre Blutspenden schwer erkrankten Menschen zu Gute, die aufgrund von Bluterkrankungen, Blutarmut oder Therapien, die das Blutbild stark beeinflussen, einen&nbsp;gro\u00dfen Bedarf besitzen.<\/p>\n\n\n\n<h3 class=\"wp-block-heading\" id=\"erfahren-sie-hier-wie-eine-blutspende-ablauft\"><a href=\"http:\/\/ovgerm.drkcms.de\/angebote\/blutspendedienst\/ablauf-einer-blutspende.html\">Erfahren Sie hier, wie eine Blutspende abl\u00e4uft<\/a>.<\/h3>\n\n\n\n<h2 class=\"wp-block-heading\" id=\"wer-darf-spenden\">Wer darf spenden?<\/h2>\n\n\n\n<p>Grunds\u00e4tzlich darf jeder vollj\u00e4hrige Mensch in Deutschland spenden. Da aber jede Blutspende einen Eingriff in den K\u00f6rper darstellt, darf&nbsp;die Gesundheit des Spenders nicht gef\u00e4hrdet werden. Um als Spender zugelassen zu werden, m\u00fcssen&nbsp;die folgenden Vorraussetzungen erf\u00fcllt sein:<\/p>\n\n\n\n<ul class=\"wp-block-list\">\n<li>Spenderinnen und Spender m\u00fcssen mind. 18 Jahre und d\u00fcrfen maximal 69 Jahre alt sein.<\/li>\n\n\n\n<li>Schwangere und und stillende Frauen sowie junge M\u00fctter d\u00fcrfen bis zu sechs Monate nach der Entbindung&nbsp;kein Blut spenden.<\/li>\n\n\n\n<li>Der Abstand zwischen zwei Vollblutspenden muss bei M\u00e4nnern mindestens zwei Monate, bei Frauen drei Monate betragen.<\/li>\n\n\n\n<li>Menschen, die einer HIV- oder Hepatitis-Risikogruppe angeh\u00f6ren &#8211;&nbsp;zum Beispiel&nbsp;intimen Kontakt zu infizierten Personen pflegen&nbsp;&#8211; d\u00fcrfen nicht spenden.<\/li>\n<\/ul>\n\n\n\n<p><\/p>\n\n\n\n<p>Ihre tats\u00e4chliche Spendentauglichkeit wird vor Ort durch einen Fragebogen und im&nbsp;Gespr\u00e4ch mit einem Arzt des Blutspendedienstes&nbsp;sowie durch die Untersuchung von Puls, Temperatur und H\u00e4moglobin-Wert (Roter Blutfarbstoff) festgestellt.<\/p>\n\n\n\n<p>Jede Spende durchl\u00e4uft eine&nbsp;Laboruntersuchung, bevor sie in Verkehr gebacht wird. Dabei&nbsp;wird sie auf Hepatitis, Syphilis und Leberwerte gepr\u00fcft.&nbsp;Auch Blutgruppe und&nbsp;Rhesusfaktor werden festgestellt.<\/p>\n\n\n\n<h2 class=\"wp-block-heading\" id=\"worauf-sie-vor-einer-spende-achten-sollten\">Worauf Sie VOR einer Spende achten sollten<\/h2>\n\n\n\n<p>Da Ihrem K\u00f6rper bei einer Vollblutspende ca. 500ml Fl\u00fcssigkeit entzogen werden, ist es wichtig, schon vor der Spende reichlich zu trinken. so kann Ihr K\u00f6rper den Verlust besser ausgleichen. Zudem empfiehlt es sich, eine normale aber fettarme Mahlzeit zu sich genommen zu haben.<br><br>Sie sollten drei bis vier Stunden vor einer Spende auf das Rauchen verzichten, da sich dies ung\u00fcnstig auf Ihren Kreislauf auswirken kann. Zudem d\u00fcrfen Sie mindestens zw\u00f6lf Stunden vorher keinen Alkohol zu sich genommen haben!<\/p>\n\n\n\n<h2 class=\"wp-block-heading\" id=\"worauf-sie-nach-einer-spende-achten-sollten\">Worauf Sie NACH einer Spende achten sollten<\/h2>\n\n\n\n<ul class=\"wp-block-list\">\n<li>Trinken Sie reichlich &#8211; 2,5 Liter sollten es mindestens sein.<\/li>\n\n\n\n<li>Halten Sie die Ruhephase ein. Sie haben bereits vor Ort die M\u00f6glichkeit, sich in Betreuung durch unsere Helfer hinzulegen. Nutzen Sie das, damit sich Ihr K\u00f6rper auf die neuen Kreislaufverh\u00e4ltnisse einstellen kann.<\/li>\n\n\n\n<li>Trinken Sie keine Alkohol und rauchen Sie nicht &#8211;&nbsp;bis mindestens zwei Stunden nach der Blutspende.<\/li>\n\n\n\n<li>Vermeiden Sie&nbsp;k\u00f6rperliche Anstrengung und&nbsp;verzichten Sie am Spendetag auf Sport, Sauna und \u00e4hnliche Belastungen.<\/li>\n\n\n\n<li>Berufskraftfahrer k\u00f6nnen ihre T\u00e4tigkeit bereits nach 12 Stunden bedenkenlos aufnehmen.<\/li>\n<\/ul>\n\n\n\n<p>Sie sind herzlich eingeladen, sich im Anschluss an die Spende mit leckeren Waffeln, Br\u00f6tchen und Getr\u00e4nken zu st\u00e4rken!<\/p>\n\n\n\n<h2 class=\"wp-block-heading\" id=\"allgemeine-informationen-zur-blutspende\">Allgemeine Informationen zur Blutspende<\/h2>\n\n\n\n<p>Von der Anmeldung zur Blutspende \u00fcber den Ablauf, den n\u00e4chsten Blutspendedienst in Ihrer Nachbarschaft bis zu Ihren pers\u00f6nlichen Voraussetzungen erhalten Sie&nbsp;<a href=\"http:\/\/www.drk-blutspende.de\/\" target=\"_blank\" rel=\"noreferrer noopener\">hier alle Informationen \u00fcber die Blutspende beim DRK<\/a>.<\/p>\n\n\n\n<h2 class=\"wp-block-heading\" id=\"adressanderung\">Adress\u00e4nderung<\/h2>\n\n\n\n<p>Sie m\u00f6chten Ihren Adresseintrag im Verteiler der DRK-Blutspendedienste \u00e4ndern?<br><a href=\"https:\/\/www.drk-blutspende.de\/adressaenderung\/index.php\" target=\"_blank\" rel=\"noreferrer noopener\">Hier geht es zur Adress\u00e4nderung.<\/a><\/p>\n","protected":false},"excerpt":{"rendered":"<p>N\u00e4chster Termine: [wpcdt-countdown id=&#8221;606&#8243;] Helfen Sie uns, Leben zu retten! Blut geh\u00f6rt zu den wertvollsten Dingen, die ein Mensch geben kann. Bis heute ist es nicht gelungen, k\u00fcnstliches Blut herzustellen, um Leben zu retten. Sobald Menschen durch einen Unfall oder einen operativen Eingriff Blut verlieren, sind sie&nbsp;auf das Blut von Spendern angewiesen. Sieben regional t\u00e4tige Blutspendedienste des Deutschen Roten Kreuzes sind verantwortlich f\u00fcr die fl\u00e4chendeckende, umfassende Versorgung der Patienten in der Bundesrepublik Deutschland mit Blutpr\u00e4paraten &#8211;&nbsp;rund um die Uhr, an 365 Tagen im Jahr. Mit Ihrer Blutspende helfen Sie Verletzten nach gro\u00dfen Blutverlusten. Vorwiegend aber kommen Ihre Blutspenden schwer erkrankten Menschen zu Gute, die aufgrund von Bluterkrankungen, Blutarmut oder Therapien, die das Blutbild stark beeinflussen, einen&nbsp;gro\u00dfen Bedarf besitzen. Erfahren Sie hier, wie eine Blutspende abl\u00e4uft. Wer darf spenden? Grunds\u00e4tzlich darf jeder vollj\u00e4hrige Mensch in Deutschland spenden. Da aber jede Blutspende einen Eingriff in den K\u00f6rper darstellt, darf&nbsp;die Gesundheit des Spenders nicht gef\u00e4hrdet werden. Um als Spender zugelassen zu werden, m\u00fcssen&nbsp;die folgenden Vorraussetzungen erf\u00fcllt sein: Ihre tats\u00e4chliche Spendentauglichkeit wird vor Ort durch einen Fragebogen und im&nbsp;Gespr\u00e4ch mit einem Arzt des Blutspendedienstes&nbsp;sowie durch die Untersuchung von Puls, Temperatur und H\u00e4moglobin-Wert (Roter Blutfarbstoff) festgestellt. Jede Spende durchl\u00e4uft eine&nbsp;Laboruntersuchung, bevor sie in Verkehr gebacht wird. Dabei&nbsp;wird sie auf Hepatitis, Syphilis und Leberwerte gepr\u00fcft.&nbsp;Auch Blutgruppe und&nbsp;Rhesusfaktor werden festgestellt. Worauf Sie VOR einer Spende achten sollten Da Ihrem K\u00f6rper bei einer Vollblutspende ca. 500ml Fl\u00fcssigkeit entzogen werden, ist es wichtig, schon vor der Spende reichlich zu trinken. so kann Ihr K\u00f6rper den Verlust besser ausgleichen. Zudem empfiehlt es sich, eine normale aber fettarme Mahlzeit zu sich genommen zu haben. Sie sollten drei bis vier Stunden vor einer Spende auf das Rauchen verzichten, da sich dies ung\u00fcnstig auf Ihren Kreislauf auswirken kann. Zudem d\u00fcrfen Sie mindestens zw\u00f6lf Stunden vorher keinen Alkohol zu sich genommen haben! Worauf Sie NACH einer Spende achten sollten Sie sind herzlich eingeladen, sich im Anschluss an die Spende mit leckeren Waffeln, Br\u00f6tchen und Getr\u00e4nken zu st\u00e4rken! Allgemeine Informationen zur Blutspende Von der Anmeldung zur Blutspende \u00fcber den Ablauf, den n\u00e4chsten Blutspendedienst in Ihrer Nachbarschaft bis zu Ihren pers\u00f6nlichen Voraussetzungen erhalten Sie&nbsp;hier alle Informationen \u00fcber die Blutspende beim DRK. Adress\u00e4nderung Sie m\u00f6chten Ihren Adresseintrag im Verteiler der DRK-Blutspendedienste \u00e4ndern?Hier geht es zur Adress\u00e4nderung.<\/p>\n","protected":false},"author":1,"featured_media":0,"parent":0,"menu_order":0,"comment_status":"closed","ping_status":"closed","template":"","meta":{"footnotes":""},"class_list":["post-141","page","type-page","status-publish","hentry"],"_links":{"self":[{"href":"https:\/\/rotes-kreuz-germersheim.de\/index.php?rest_route=\/wp\/v2\/pages\/141","targetHints":{"allow":["GET"]}}],"collection":[{"href":"https:\/\/rotes-kreuz-germersheim.de\/index.php?rest_route=\/wp\/v2\/pages"}],"about":[{"href":"https:\/\/rotes-kreuz-germersheim.de\/index.php?rest_route=\/wp\/v2\/types\/page"}],"author":[{"embeddable":true,"href":"https:\/\/rotes-kreuz-germersheim.de\/index.php?rest_route=\/wp\/v2\/users\/1"}],"replies":[{"embeddable":true,"href":"https:\/\/rotes-kreuz-germersheim.de\/index.php?rest_route=%2Fwp%2Fv2%2Fcomments&post=141"}],"version-history":[{"count":15,"href":"https:\/\/rotes-kreuz-germersheim.de\/index.php?rest_route=\/wp\/v2\/pages\/141\/revisions"}],"predecessor-version":[{"id":1080,"href":"https:\/\/rotes-kreuz-germersheim.de\/index.php?rest_route=\/wp\/v2\/pages\/141\/revisions\/1080"}],"wp:attachment":[{"href":"https:\/\/rotes-kreuz-germersheim.de\/index.php?rest_route=%2Fwp%2Fv2%2Fmedia&parent=141"}],"curies":[{"name":"wp","href":"https:\/\/api.w.org\/{rel}","templated":true}]}}